ist the prime factors of 240968.
2, 7, 13, 331
List the prime factors of 11194797.
3, 113, 33023
List the prime factors of 9442949.
23, 79, 5197
What are the prime factors of 6607117?
11, 19, 101, 313
What are the prime factors of 1583122?
2, 791561
What are the prime factors of 996498?
2, 3, 23, 29, 83
List the prime factors of 12063787.
61, 197767
What are the prime factors of 692920?
2, 5, 17, 1019
What are the prime factors of 336164?
2, 31, 2711
What are the prime factors of 673747?
673747
What are the prime factors of 2142040?
2, 5, 53551
What are the prime factors of 11982073?
2251, 5323
What are the prime factors of 2380019?
73, 32603
List the prime factors of 89193.
3, 13, 2287
What are the prime factors of 11898556?
2, 2974639
What are the prime factors of 25288061?
17, 409, 3637
List the prime factors of 114823.
199, 577
What are the prime factors of 51214?
2, 29, 883
List the prime factors of 10961644.
2, 83, 137, 241
What are the prime factors of 641222?
2, 320611
What are the prime factors of 13597833?
3, 37, 122503
List the prime factors of 607224.
2, 3, 25301
What are the prime factors of 1872897?
3, 13, 48023
What are the prime factors of 169781?
41, 101
List the prime factors of 66142.
2, 33071
What are the prime factors of 80809?
80809
What are the prime factors of 745423?
7, 83, 1283
List the prime factors of 435684.
2, 3, 36307
What are the prime factors of 579599?
229, 2531
List the prime factors of 887803.
7, 53, 2393
What are the prime factors of 16156?
2, 7, 577
List the prime factors of 29493.
3, 29, 113
What are the prime factors of 224587?
11, 17, 1201
What are the prime factors of 5689277?
11, 517207
List the prime factors of 3722063.
29, 128347
List the prime factors of 1585956.
2, 3, 149, 887
List the prime factors of 476197.
19, 71, 353
What are the prime factors of 711940?
2, 5, 35597
List the prime factors of 854424.
2, 3, 11867
List the prime factors of 4923889.
4923889
What are the prime factors of 6787857?
3, 2262619
List the prime factors of 677390.
2, 5, 7, 9677
List the prime factors of 1497211.
1497211
List the prime factors of 258935.
5, 51787
List the prime factors of 1060924.
2, 265231
List the prime factors of 139806.
2, 3, 863
What are the prime factors of 772316?
2, 53, 3643
What are the prime factors of 243902?
2, 121951
List the prime factors of 5924869.
23, 41, 61, 103
List the prime factors of 505750.
2, 5, 7, 17
List the prime factors of 3528319.
19, 233, 797
List the prime factors of 4415971.
7, 17, 43, 863
What are the prime factors of 13761416?
2, 1720177
List the prime factors of 2982766.
2, 29, 51427
List the prime factors of 970488.
2, 3, 4493
List the prime factors of 2542880.
2, 5, 23, 691
What are the prime factors of 15278?
2, 7639
List the prime factors of 13180843.
13, 37, 67, 409
What are the prime factors of 410237?
277, 1481
List the prime factors of 1185752.
2, 19, 29, 269
What are the prime factors of 322302?
2, 3, 53717
What are the prime factors of 1218438?
2, 3, 13, 41, 127
What are the prime factors of 32782484?
2, 7, 1170803
What are the prime factors of 305587?
67, 4561
What are the prime factors of 30311?
17, 1783
What are the prime factors of 3326695?
5, 43, 15473
What are the prime factors of 22568944?
2, 941, 1499
What are the prime factors of 5540053?
271, 20443
List the prime factors of 296299.
296299
List the prime factors of 1157836.
2, 17, 17027
What are the prime factors of 24814197?
3, 2757133
List the prime factors of 1415059.
1415059
What are the prime factors of 1539222?
2, 3, 41, 6257
List the prime factors of 62784.
2, 3, 109
List the prime factors of 6579561.
3, 17, 129011
List the prime factors of 433107.
3, 5347
What are the prime factors of 10309712?
2, 7, 92051
List the prime factors of 1440063.
3, 53, 3019
What are the prime factors of 10885364?
2, 7, 43, 9041
List the prime factors of 10017939.
3, 3339313
List the prime factors of 406083.
3, 223, 607
What are the prime factors of 2532476?
2, 61, 97, 107
What are the prime factors of 657820?
2, 5, 31, 1061
List the prime factors of 7138958.
2, 283, 12613
List the prime factors of 10314776.
2, 733, 1759
List the prime factors of 321177.
3, 151, 709
List the prime factors of 506017.
71, 7127
What are the prime factors of 333826?
2, 83, 2011
List the prime factors of 1065105.
3, 5, 23669
List the prime factors of 621484.
2, 155371
List the prime factors of 1019349.
3, 53, 2137
What are the prime factors of 23980288?
2, 283, 331
List the prime factors of 59517.
3, 17, 389
What are the prime factors of 4006687?
4006687
List the prime factors of 204897.
3, 7, 11, 887
What are the prime factors of 70871?
131, 541
What are the prime factors of 74777?
37, 43, 47
List the prime factors of 4276084.
2, 59, 18119
What are the prime factors of 37002725?
5, 349, 4241
List the prime factors of 30367903.
30367903
What are the prime factors of 282277?
439, 643
What are the prime factors of 2499939?
3, 13, 23, 929
What are the prime factors of 1609169?
17, 103, 919
List the prime factors of 14855272.
2, 1856909
List the prime factors of 10082753.
10082753
List the prime factors of 23252001.
3, 53, 146239
What are the prime factors of 96699?
3, 32233
List the prime factors of 1053539.
1053539
List the prime factors of 1087590.
2, 3, 5, 7, 5179
What are the prime factors of 2561532?
2, 3, 213461
List the prime factors of 1790816.
2, 191, 293
List the prime factors of 27640587.
3, 13, 708733
List the prime factors of 336873.
3, 112291
List the prime factors of 3675441.
3, 7, 11, 2273
List the prime factors of 2302853.
7, 46997
List the prime factors of 63775.
5, 2551
List the prime factors of 307295.
5, 41, 1499
What are the prime factors of 17129897?
17, 59273
What are the prime factors of 1988241?
3, 47, 59, 239
List the prime factors of 678655.
5, 135731
List the prime factors of 1029210.
2, 3, 5, 7, 13, 29
What are the prime factors of 1387140?
2, 3, 5, 61, 379
List the prime factors of 15292.
2, 3823
What are the prime factors of 1180739?
7, 168677
List the prime factors of 194395.
5, 17, 2287
List the prime factors of 148743.
3, 7, 787
What are the prime factors of 170318?
2, 85159
List the prime factors of 13244653.
19, 697087
What are the prime factors of 284429?
284429
List the prime factors of 824254.
2, 412127
List the prime factors of 3163371.
3, 1054457
What are the prime factors of 2924875?
5, 23399
List the prime factors of 13767046.
2, 6883523
List the prime factors of 623488.
2, 4871
What are the prime factors of 523969?
523969
List the prime factors of 638261.
13, 29, 1693
What are the prime factors of 11399312?
2, 41, 17377
What are the prime factors of 2985831?
3, 19, 919
What are the prime factors of 805765?
5, 29, 5557
List the prime factors of 4213669.
23, 183203
What are the prime factors of 27189271?
27189271
What are the prime factors of 374225?
5, 14969
List the prime factors of 918471.
3, 306157
What are the prime factors of 1175818?
2, 7, 83987
What are the prime factors of 993?
3, 331
List the prime factors of 13134860.
2, 5, 761, 863
List the prime factors of 4598490.
2, 3, 5, 13, 907
List the prime factors of 4139051.
7, 43, 13751
What are the prime factors of 2339595?
3, 5, 51991
What are the prime factors of 1084180?
2, 5, 151, 359
What are the prime factors of 3617080?
2, 5, 31, 2917
What are the prime factors of 1965899?
13, 97, 1559
List the prime factors of 4461110.
2, 5, 446111
List the prime factors of 88015.
5, 29, 607
List the prime factors of 198497.
13, 15269
What are the prime factors of 148413?
3, 61, 811
List the prime factors of 208669.
71, 2939
What are the prime factors of 33305659?
29, 83, 101, 137
List the prime factors of 7096090.
2, 5, 709609
What are the prime factors of 834895?
5, 166979
What are the prime factors of 1315425?
3, 5, 17539
List the prime factors of 147782.
2, 19, 3889
List the prime factors of 6337.
6337
List the prime factors of 11569999.
7, 149, 11093
List the prime factors of 7036038.
2, 3, 29, 4493
What are the prime factors of 11826952?
2, 1478369
List the prime factors of 1495684.
2, 199, 1879
List the prime factors of 276255.
3, 5, 7, 877
List the prime factors of 5892104.
2, 29, 109, 233
List the prime factors of 3174972.
2, 3, 264581
Li